{"id":607,"date":"2026-03-16T15:47:37","date_gmt":"2026-03-16T14:47:37","guid":{"rendered":"https:\/\/www.vgreurope.hu\/?post_type=product&#038;p=607"},"modified":"2026-03-17T11:18:16","modified_gmt":"2026-03-17T10:18:16","slug":"vgr-v-035t-professzionalis-szakallvago","status":"publish","type":"product","link":"https:\/\/www.vgreurope.hu\/index.php\/termek\/vgr-v-035t-professzionalis-szakallvago\/","title":{"rendered":"VGR V-035T professzion\u00e1lis szak\u00e1llv\u00e1g\u00f3"},"content":{"rendered":"<p data-start=\"699\" data-end=\"726\"><strong data-start=\"702\" data-end=\"726\">JELLEMZ\u0150K \u00c9S EL\u0150NY\u00d6K<\/strong><\/p>\n<p data-start=\"728\" data-end=\"786\"><strong data-start=\"732\" data-end=\"786\">Testreszabhat\u00f3 megjelen\u00e9s \u2013 cser\u00e9lhet\u0151 sz\u00ednpanelek<\/strong><\/p>\n<p data-start=\"787\" data-end=\"865\">A VGR V-035T egyik k\u00fcl\u00f6nlegess\u00e9ge a\u00a0<strong data-start=\"823\" data-end=\"855\">cser\u00e9lhet\u0151 burkolati panelek<\/strong>, amelyek:<\/p>\n<ul>\n<li data-start=\"787\" data-end=\"865\">egyedi megjelen\u00e9st biztos\u00edtanak<\/li>\n<li data-start=\"787\" data-end=\"865\">lehet\u0151v\u00e9 teszik a szem\u00e9lyre szab\u00e1st<\/li>\n<li data-start=\"787\" data-end=\"865\">profi, modern barber st\u00edlust adnak<\/li>\n<\/ul>\n<p data-start=\"787\" data-end=\"865\">Ez nemcsak eszt\u00e9tikai el\u0151ny, hanem karaktert is ad a munkafolyamatnak.<\/p>\n<p data-start=\"1059\" data-end=\"1093\"><strong data-start=\"1063\" data-end=\"1093\">Prec\u00edz v\u00e1g\u00e1s \u00e9s kont\u00faroz\u00e1s<\/strong><\/p>\n<p data-start=\"1094\" data-end=\"1119\">A k\u00e9sz\u00fcl\u00e9k v\u00e1g\u00f3rendszere:<\/p>\n<ul>\n<li data-start=\"1094\" data-end=\"1119\">pontos kont\u00farokat tesz lehet\u0151v\u00e9<\/li>\n<li data-start=\"1094\" data-end=\"1119\">ide\u00e1lis szak\u00e1llform\u00e1z\u00e1shoz<\/li>\n<li data-start=\"1094\" data-end=\"1119\">r\u00e9szletmunk\u00e1hoz \u00e9s \u00e9lek kialak\u00edt\u00e1s\u00e1hoz optimaliz\u00e1lt<\/li>\n<\/ul>\n<p data-start=\"1244\" data-end=\"1297\">A vezet\u0151f\u00e9s\u0171kkel k\u00f6nnyed\u00e9n alak\u00edthat\u00f3 a k\u00edv\u00e1nt hossz.<\/p>\n<p data-start=\"1304\" data-end=\"1337\"><strong data-start=\"1308\" data-end=\"1337\">Vezet\u00e9k n\u00e9lk\u00fcli szabads\u00e1g<\/strong><\/p>\n<p data-start=\"1338\" data-end=\"1362\">A be\u00e9p\u00edtett akkumul\u00e1tor:<\/p>\n<ul>\n<li data-start=\"1338\" data-end=\"1362\">k\u00e9nyelmes, k\u00e1belmentes haszn\u00e1latot biztos\u00edt<\/li>\n<li data-start=\"1338\" data-end=\"1362\">ide\u00e1lis mobil munk\u00e1hoz \u00e9s utaz\u00e1shoz<\/li>\n<li data-start=\"1338\" data-end=\"1362\">megszak\u00edt\u00e1smentes styling \u00e9lm\u00e9nyt ny\u00fajt<\/li>\n<\/ul>\n<p data-start=\"1501\" data-end=\"1545\"><strong data-start=\"1505\" data-end=\"1545\">Moshat\u00f3 v\u00e1g\u00f3fej \u2013 higi\u00e9nikus m\u0171k\u00f6d\u00e9s<\/strong><\/p>\n<p data-start=\"1546\" data-end=\"1570\">A levehet\u0151, moshat\u00f3 fej:<\/p>\n<ul>\n<li data-start=\"1546\" data-end=\"1570\">egyszer\u0171 tiszt\u00edt\u00e1st tesz lehet\u0151v\u00e9<\/li>\n<li data-start=\"1546\" data-end=\"1570\">higi\u00e9nikus haszn\u00e1latot biztos\u00edt<\/li>\n<li data-start=\"1546\" data-end=\"1570\">hosszabb \u00e9lettartamot t\u00e1mogat<\/li>\n<\/ul>\n<p data-start=\"1685\" data-end=\"1715\"><strong data-start=\"1689\" data-end=\"1715\">Ergonomikus kialak\u00edt\u00e1s<\/strong><\/p>\n<p data-start=\"1716\" data-end=\"1729\">A VGR V-035T:<\/p>\n<ul>\n<li data-start=\"1716\" data-end=\"1729\">stabil, k\u00e9nyelmes fog\u00e1st biztos\u00edt<\/li>\n<li data-start=\"1716\" data-end=\"1729\">cs\u00f6kkenti a k\u00e9z f\u00e1rad\u00e1s\u00e1t<\/li>\n<li data-start=\"1716\" data-end=\"1729\">pontos ir\u00e1ny\u00edthat\u00f3s\u00e1got ad<\/li>\n<\/ul>\n<p data-start=\"1830\" data-end=\"1868\">Hosszabb haszn\u00e1lat sor\u00e1n is komfortos.<\/p>\n<p data-start=\"1875\" data-end=\"1903\"><strong data-start=\"1878\" data-end=\"1903\">FELHASZN\u00c1LS\u00c1I TER\u00dcLET<\/strong><\/p>\n<ul>\n<li data-start=\"1875\" data-end=\"1903\">Barber \u00e9s fodr\u00e1sz szalonok \u2013 kont\u00farok \u00e9s r\u00e9szletmunka<\/li>\n<li data-start=\"1875\" data-end=\"1903\">Otthoni szak\u00e1ll\u00e1pol\u00e1s professzion\u00e1lis szinten<\/li>\n<li data-start=\"1875\" data-end=\"1903\">Utaz\u00e1s \u00e9s mobil grooming<\/li>\n<li data-start=\"1875\" data-end=\"1903\">Prec\u00edz \u00e9lek \u00e9s form\u00e1z\u00e1s<\/li>\n<\/ul>\n<p data-start=\"2074\" data-end=\"2117\"><strong data-start=\"2077\" data-end=\"2117\">HASZN\u00c1LATI \u00c9S KARBANTART\u00c1SI JAVASLATOK<\/strong><\/p>\n<ul>\n<li data-start=\"2074\" data-end=\"2117\">Haszn\u00e1lat ut\u00e1n tiszt\u00edtsa meg a v\u00e1g\u00f3fejet<\/li>\n<li data-start=\"2074\" data-end=\"2117\">Id\u0151nk\u00e9nt olajozza a peng\u00e9t a sima m\u0171k\u00f6d\u00e9s \u00e9rdek\u00e9ben<\/li>\n<li data-start=\"2074\" data-end=\"2117\">A moshat\u00f3 fejet rendszeresen \u00f6bl\u00edtse le<\/li>\n<li data-start=\"2074\" data-end=\"2117\">T\u00e1rolja sz\u00e1raz helyen vagy v\u00e9dett tokban<\/li>\n<\/ul>\n<p data-start=\"2315\" data-end=\"2339\"><strong data-start=\"2318\" data-end=\"2339\">A CSOMAG TARTALMA<\/strong><\/p>\n<ul>\n<li data-start=\"2315\" data-end=\"2339\">VGR V-035T szak\u00e1llv\u00e1g\u00f3<\/li>\n<li data-start=\"2315\" data-end=\"2339\">Vezet\u0151f\u00e9s\u0171k (k\u00fcl\u00f6nb\u00f6z\u0151 hosszokhoz)<\/li>\n<li data-start=\"2315\" data-end=\"2339\">USB t\u00f6lt\u0151k\u00e1bel<\/li>\n<li data-start=\"2315\" data-end=\"2339\">Cser\u00e9lhet\u0151 sz\u00ednpanelek<\/li>\n<li data-start=\"2315\" data-end=\"2339\">Csavarh\u00faz\u00f3 \u00e9s r\u00f6gz\u00edt\u0151 csavarok<\/li>\n<li data-start=\"2315\" data-end=\"2339\">Tiszt\u00edt\u00f3 eszk\u00f6z\u00f6k<\/li>\n<\/ul>\n<p data-start=\"2609\" data-end=\"2790\">A\u00a0<strong data-start=\"2611\" data-end=\"2653\">VGR V-035T professzion\u00e1lis szak\u00e1llv\u00e1g\u00f3<\/strong>\u00a0azok sz\u00e1m\u00e1ra k\u00e9sz\u00fclt, akik a\u00a0<strong data-start=\"2683\" data-end=\"2700\">prec\u00edz v\u00e1g\u00e1st<\/strong>, a\u00a0<strong data-start=\"2704\" data-end=\"2729\">k\u00e9nyelmes haszn\u00e1latot<\/strong>\u00a0\u00e9s az\u00a0<strong data-start=\"2736\" data-end=\"2758\">egyedi megjelen\u00e9st<\/strong>\u00a0egyetlen k\u00e9sz\u00fcl\u00e9kben szeretn\u00e9k:<\/p>\n<ul>\n<li data-start=\"2609\" data-end=\"2790\">cser\u00e9lhet\u0151 diz\u00e1jn panelek<\/li>\n<li data-start=\"2609\" data-end=\"2790\">prec\u00edz kont\u00faroz\u00e1si k\u00e9pess\u00e9g<\/li>\n<li data-start=\"2609\" data-end=\"2790\">vezet\u00e9k n\u00e9lk\u00fcli szabads\u00e1g<\/li>\n<li data-start=\"2609\" data-end=\"2790\">k\u00f6nny\u0171 tiszt\u00edt\u00e1s<\/li>\n<li data-start=\"2609\" data-end=\"2790\">ergonomikus kialak\u00edt\u00e1s<\/li>\n<\/ul>\n<p data-start=\"2933\" data-end=\"3029\">Ide\u00e1lis v\u00e1laszt\u00e1s mindazoknak, akik\u00a0<strong data-start=\"2969\" data-end=\"3002\">st\u00edlusos, profi \u00e9s megb\u00edzhat\u00f3<\/strong>\u00a0grooming eszk\u00f6zt keresnek.<\/p>\n","protected":false},"excerpt":{"rendered":"<p data-start=\"109\" data-end=\"522\">A\u00a0<strong data-start=\"111\" data-end=\"153\">VGR V-035T professzion\u00e1lis szak\u00e1llv\u00e1g\u00f3<\/strong>\u00a0egy k\u00fcl\u00f6nleges, modern grooming eszk\u00f6z, amely nemcsak a\u00a0<strong data-start=\"210\" data-end=\"251\">prec\u00edz kont\u00faroz\u00e1sra \u00e9s r\u00e9szletmunk\u00e1ra<\/strong>, hanem a\u00a0<strong data-start=\"261\" data-end=\"296\">szem\u00e9lyre szabhat\u00f3 megjelen\u00e9sre<\/strong>\u00a0is f\u00f3kusz\u00e1l. A modell egyik kiemelked\u0151 tulajdons\u00e1ga a\u00a0<strong data-start=\"351\" data-end=\"379\">cser\u00e9lhet\u0151 sz\u00edn\u0171 panelek<\/strong>, amelyek lehet\u0151v\u00e9 teszik, hogy a k\u00e9sz\u00fcl\u00e9k megjelen\u00e9s\u00e9t saj\u00e1t st\u00edlus\u00e1hoz igaz\u00edtsa \u2013 mik\u00f6zben a v\u00e1g\u00e1si teljes\u00edtm\u00e9ny v\u00e9gig professzion\u00e1lis marad.<\/p>\n<p data-start=\"524\" data-end=\"692\">Ergonomikus kialak\u00edt\u00e1sa, vezet\u00e9k n\u00e9lk\u00fcli m\u0171k\u00f6d\u00e9se \u00e9s k\u00f6nny\u0171 karbantarthat\u00f3s\u00e1ga ide\u00e1liss\u00e1 teszi\u00a0<strong data-start=\"619\" data-end=\"631\">barberek<\/strong>, fodr\u00e1szok \u00e9s ig\u00e9nyes otthoni felhaszn\u00e1l\u00f3k sz\u00e1m\u00e1ra egyar\u00e1nt.<\/p>\n","protected":false},"featured_media":627,"comment_status":"open","ping_status":"closed","template":"","meta":[],"product_brand":[],"product_cat":[30,25],"product_tag":[],"class_list":{"0":"post-607","1":"product","2":"type-product","3":"status-publish","4":"has-post-thumbnail","6":"product_cat-gepek","7":"product_cat-szakalvaggo","9":"first","10":"instock","11":"taxable","12":"shipping-taxable","13":"purchasable","14":"product-type-simple"},"_links":{"self":[{"href":"https:\/\/www.vgreurope.hu\/index.php\/wp-json\/wp\/v2\/product\/607","targetHints":{"allow":["GET"]}}],"collection":[{"href":"https:\/\/www.vgreurope.hu\/index.php\/wp-json\/wp\/v2\/product"}],"about":[{"href":"https:\/\/www.vgreurope.hu\/index.php\/wp-json\/wp\/v2\/types\/product"}],"replies":[{"embeddable":true,"href":"https:\/\/www.vgreurope.hu\/index.php\/wp-json\/wp\/v2\/comments?post=607"}],"wp:featuredmedia":[{"embeddable":true,"href":"https:\/\/www.vgreurope.hu\/index.php\/wp-json\/wp\/v2\/media\/627"}],"wp:attachment":[{"href":"https:\/\/www.vgreurope.hu\/index.php\/wp-json\/wp\/v2\/media?parent=607"}],"wp:term":[{"taxonomy":"product_brand","embeddable":true,"href":"https:\/\/www.vgreurope.hu\/index.php\/wp-json\/wp\/v2\/product_brand?post=607"},{"taxonomy":"product_cat","embeddable":true,"href":"https:\/\/www.vgreurope.hu\/index.php\/wp-json\/wp\/v2\/product_cat?post=607"},{"taxonomy":"product_tag","embeddable":true,"href":"https:\/\/www.vgreurope.hu\/index.php\/wp-json\/wp\/v2\/product_tag?post=607"}],"curies":[{"name":"wp","href":"https:\/\/api.w.org\/{rel}","templated":true}]}}